2
What is the remainder when 167260 is divided by 2571?
145
Calculate the remainder when 6471917 is divided by 167.
166
What is the remainder when 49111366 is divided by 136?
134
Calculate the remainder when 39694835 is divided by 9630.
9605
What is the remainder when 41659989 is divided by 8896?
21
What is the remainder when 14703149 is divided by 3675787?
1
Calculate the remainder when 388388 is divided by 3118.
1756
Calculate the remainder when 30263398 is divided by 20.
18
Calculate the remainder when 307097620 is divided by 9.
7
Calculate the remainder when 829315 is divided by 276.
211
Calculate the remainder when 123805 is divided by 123719.
86
What is the remainder when 425927 is divided by 8690?
117
What is the remainder when 426504 is divided by 3678?
3534
Calculate the remainder when 5639850 is divided by 1328.
1162
Calculate the remainder when 45406 is divided by 2945.
1231
What is the remainder when 303472309 is divided by 13?
10
What is the remainder when 41419 is divided by 134?
13
What is the remainder when 23774201 is divided by 522?
233
Calculate the remainder when 1302161 is divided by 132.
113
What is the remainder when 21252921 is divided by 163?
3
Calculate the remainder when 1095298 is divided by 67.
49
What is the remainder when 1951925 is divided by 65?
40
What is the remainder when 351813 is divided by 1461?
1173
What is the remainder when 25249651 is divided by 574?
539
Calculate the remainder when 1286306 is divided by 1434.
8
Calculate the remainder when 544869 is divided by 104.
13
Calculate the remainder when 555070788 is divided by 6411.
6408
What is the remainder when 303353 is divided by 151627?
99
Calculate the remainder when 1179028 is divided by 8.
4
Calculate the remainder when 45408 is divided by 22415.
578
What is the remainder when 2487811834 is divided by 10711?
10708
What is the remainder when 167730482 is divided by 21?
17
Calculate the remainder when 72181669 is divided by 7373.
7372
What is the remainder when 2100227 is divided by 4269?
4148
Calculate the remainder when 443559331 is divided by 53.
52
Calculate the remainder when 337879 is divided by 907.
475
What is the remainder when 3307230 is divided by 1978?
14
What is the remainder when 131129 is divided by 64848?
1433
What is the remainder when 37536983 is divided by 48248?
39
What is the remainder when 2079578 is divided by 2079562?
16
Calculate the remainder when 731824 is divided by 93.
7
Calculate the remainder when 146172007 is divided by 73086003.
1
Calculate the remainder when 126237 is divided by 6702.
5601
Calculate the remainder when 317856 is divided by 5177.
2059
What is the remainder when 2085121 is divided by 44?
5
What is the remainder when 17733929 is divided by 36?
5
What is the remainder when 10954692 is divided by 10483?
10440
Calculate the remainder when 307479247 is divided by 2101.
2099
What is the remainder when 25746 is divided by 2667?
1743
What is the remainder when 31837974 is divided by 230?
224
Calculate the remainder when 42284861 is divided by 4215.
4196
What is the remainder when 2346085 is divided by 12?
1
Calculate the remainder when 3485785 is divided by 268132.
69
What is the remainder when 33328 is divided by 10920?
568
What is the remainder when 18386859 is divided by 255373?
3
Calculate the remainder when 34597096 is divided by 4.
0
Calculate the remainder when 169159 is divided by 168849.
310
Calculate the remainder when 3510244 is divided by 84.
52
What is the remainder when 194713 is divided by 27759?
400
What is the remainder when 418190 is divided by 17165?
6230
Calculate the remainder when 5080914 is divided by 461893.
91
Calculate the remainder when 1643791 is divided by 547330.
1801
Calculate the remainder when 176272945 is divided by 50508.
25
Calculate the remainder when 1691941 is divided by 109.
43
Calculate the remainder when 18134652 is divided by 2490.
2472
What is the remainder when 652146 is divided by 11639?
362
What is the remainder when 787855 is divided by 282?
229
Calculate the remainder when 13484303 is divided by 586274.
1
What is the remainder when 10914393 is divided by 2182874?
23
What is the remainder when 2399469 is divided by 171?
168
What is the remainder when 1127134 is divided by 281761?
90
Calculate the remainder when 21040031 is divided by 68.
15
What is the remainder when 5824297 is divided by 52?
37
Calculate the remainder when 2863251 is divided by 17784.
27
What is the remainder when 434351217 is divided by 190?
7
Calculate the remainder when 2324137 is divided by 732.
37
Calculate the remainder when 1241042 is divided by 2827.
2816
What is the remainder when 138577 is divided by 214?
119
What is the remainder when 1126606 is divided by 4438?
3792
What is the remainder when 6469820 is divided by 6469794?
26
What is the remainder when 58608 is divided by 58288?
320
What is the remainder when 102171 is divided by 2402?
1287
What is the remainder when 3732213 is divided by 933041?
49
Calculate the remainder when 268552 is divided by 89230.
862
What is the remainder when 822104 is divided by 2514?
26
What is the remainder when 4419342 is divided by 69?
30
What is the remainder when 23804563 is divided by 39?
16
What is the remainder when 232771 is divided by 116376?
19
What is the remainder when 13080 is divided by 2247?
1845
What is the remainder when 203972614 is divided by 170?
154
Calculate the remainder when 45922 is divided by 11058.
1690
What is the remainder when 7276258 is divided by 136?
122
What is the remainder when 7544694 is divided by 339?
249
What is the remainder when 123242 is divided by 6733?
2048
What is the remainder when 776901 is divided by 14?
13
Calculate the remainder when 29077702 is divided by 133.
45
What is the remainder when 413504 is divided by 851?
769
Calculate the remainder when 238081 is divided by 15861.
166
What is the remainder when 2713208 is divided by 180880?
8
What is the remainder when 79238 is divided by 148?
58
Calculate the remainder when 477569 is divided by 16.
1
Calculate the remainder when 4158172 is divided by 2914.
2808
What is the remainder when 80557 is divided by 1751?
11
What is the remainder when 45285853 is divided by 77?
74
Calculate the remainder when 3826477 is divided by 956615.
17
Calculate the remainder when 6265688 is divided by 3082.
3064
Calculate the remainder when 6917904 is divided by 15.
9
What is the remainder when 21255190 is divided by 653?
40
What is the remainder when 761434 is divided by 1952?
154
Calculate the remainder when 2206394 is divided by 1665.
269
What is the remainder when 1310579429 is divided by 164?
161
Calculate the remainder when 67341159 is divided by 809.
808
Calculate the remainder when 5575579 is divided by 1858526.
1
What is the remainder when 333165180 is divided by 7921?
7920
Calculate the remainder when 3050301 is divided by 3078.
3
Calculate the remainder when 2795774 is divided by 1397875.
24
What is the remainder when 68270097 is divided by 1853?
18
Calculate the remainder when 178327 is divided by 3364.
35
Calculate the remainder when 110256 is divided by 55124.
8
Calculate the remainder when 35143361 is divided by 6172.
6165
Calculate the remainder when 420671 is divided by 3111.
686
Calculate the remainder when 41662 is divided by 141.
67
Calculate the remainder when 975036 is divided by 2526.
0
What is the remainder when 5979 is divided by 5975?
4
Calculate the remainder when 46219 is divided by 45917.
302
What is the remainder when 2269164 is divided by 162077?
86
What is the remainder when 2430132 is divided by 186924?
120
Calculate the remainder when 3652409 is divided by 2110.
2109
What is the remainder when 381293 is divided by 7284?
2525
What is the remainder when 4763218 is divided by 154?
152
What is the remainder when 4908256 is divided by 1490?
196
Calculate the remainder when 654105 is divided by 654104.
1
What is the remainder when 7415039 is divided by 452?
431
Calculate the remainder when 3379679 is divided by 781.
292
Calculate the remainder when 60412836 is divided by 3356268.
12
Calculate the remainder when 2518126 is divided by 21522.
52
Calculate the remainder when 9266 is divided by 2204.
450
What is the remainder when 1088941 is divided 